{"id":555,"date":"2026-04-18T15:35:35","date_gmt":"2026-04-18T15:35:35","guid":{"rendered":"https:\/\/vuytmy.azdigi.shop\/?post_type=product&#038;p=555"},"modified":"2026-04-18T15:35:35","modified_gmt":"2026-04-18T15:35:35","slug":"cocoon-sen-hau-giang","status":"publish","type":"product","link":"https:\/\/vuytmy.azdigi.shop\/?product=cocoon-sen-hau-giang","title":{"rendered":"Cocoon Sen H\u1eadu Giang"},"content":{"rendered":"<h2 data-start=\"497\" data-end=\"537\">\ud83c\udf3f Gi\u1edbi thi\u1ec7u v\u1ec1 Cocoon Sen H\u1eadu Giang<\/h2>\n<p data-start=\"539\" data-end=\"790\"><span class=\"hover:entity-accent entity-underline inline cursor-pointer align-baseline\"><span class=\"whitespace-normal\">Cocoon<\/span><\/span> mang \u0111\u1ebfn d\u00f2ng s\u1ea3n ph\u1ea9m <strong data-start=\"600\" data-end=\"617\">Sen H\u1eadu Giang<\/strong> \u2013 l\u1ea5y c\u1ea3m h\u1ee9ng t\u1eeb nh\u1eefng c\u00e1nh \u0111\u1ed3ng sen thu\u1ea7n khi\u1ebft t\u1ea1i mi\u1ec1n T\u00e2y Vi\u1ec7t Nam. \u0110\u00e2y l\u00e0 d\u00f2ng m\u1ef9 ph\u1ea9m <strong data-start=\"711\" data-end=\"730\">100% thu\u1ea7n chay<\/strong>, kh\u00f4ng th\u1eed nghi\u1ec7m tr\u00ean \u0111\u1ed9ng v\u1eadt v\u00e0 c\u1ef1c k\u1ef3 l\u00e0nh t\u00ednh cho da.<\/p>\n<p data-start=\"792\" data-end=\"833\">Tinh ch\u1ea5t hoa sen n\u1ed5i ti\u1ebfng v\u1edbi kh\u1ea3 n\u0103ng:<\/p>\n<ul data-start=\"834\" data-end=\"883\">\n<li data-start=\"834\" data-end=\"846\">L\u00e0m d\u1ecbu da<\/li>\n<li data-start=\"847\" data-end=\"859\">C\u1ea5p \u1ea9m s\u00e2u<\/li>\n<li data-start=\"860\" data-end=\"883\">Ph\u1ee5c h\u1ed3i da m\u1ec7t m\u1ecfi<\/li>\n<\/ul>\n<hr data-start=\"885\" data-end=\"888\" \/>\n<h2 data-start=\"890\" data-end=\"938\">\ud83d\udca7 C\u00f4ng d\u1ee5ng n\u1ed5i b\u1eadt c\u1ee7a Cocoon Sen H\u1eadu Giang<\/h2>\n<p data-start=\"940\" data-end=\"1023\">\u2728 <strong data-start=\"942\" data-end=\"965\">C\u1ea5p \u1ea9m &amp; l\u00e0m m\u1ec1m da<\/strong><br data-start=\"965\" data-end=\"968\" \/>Gi\u00fap l\u00e0n da lu\u00f4n c\u0103ng m\u1ecbn, h\u1ea1n ch\u1ebf t\u00ecnh tr\u1ea1ng kh\u00f4 r\u00e1p<\/p>\n<p data-start=\"1025\" data-end=\"1098\">\u2728 <strong data-start=\"1027\" data-end=\"1054\">L\u00e0m d\u1ecbu &amp; gi\u1ea3m k\u00edch \u1ee9ng<\/strong><br data-start=\"1054\" data-end=\"1057\" \/>Ph\u00f9 h\u1ee3p v\u1edbi da nh\u1ea1y c\u1ea3m, da \u0111ang stress<\/p>\n<p data-start=\"1100\" data-end=\"1163\">\u2728 <strong data-start=\"1102\" data-end=\"1129\">H\u1ed7 tr\u1ee3 s\u00e1ng da t\u1ef1 nhi\u00ean<\/strong><br data-start=\"1129\" data-end=\"1132\" \/>Mang l\u1ea1i v\u1ebb r\u1ea1ng r\u1ee1, t\u01b0\u01a1i t\u1eafn<\/p>\n<p data-start=\"1165\" data-end=\"1227\">\u2728 <strong data-start=\"1167\" data-end=\"1188\">Ch\u1ed1ng oxy h\u00f3a nh\u1eb9<\/strong><br data-start=\"1188\" data-end=\"1191\" \/>B\u1ea3o v\u1ec7 da kh\u1ecfi t\u00e1c \u0111\u1ed9ng m\u00f4i tr\u01b0\u1eddng<\/p>\n<hr data-start=\"1229\" data-end=\"1232\" \/>\n<h2 data-start=\"1234\" data-end=\"1256\">\ud83c\udf31 Th\u00e0nh ph\u1ea7n ch\u00ednh<\/h2>\n<ul data-start=\"1258\" data-end=\"1419\">\n<li data-start=\"1258\" data-end=\"1315\">\ud83c\udf38 <strong data-start=\"1263\" data-end=\"1295\">Chi\u1ebft xu\u1ea5t hoa sen H\u1eadu Giang<\/strong> \u2013 l\u00e0m d\u1ecbu, c\u1ea5p \u1ea9m<\/li>\n<li data-start=\"1316\" data-end=\"1353\">\ud83d\udca7 <strong data-start=\"1321\" data-end=\"1333\">Glycerin<\/strong> \u2013 gi\u1eef n\u01b0\u1edbc cho da<\/li>\n<li data-start=\"1354\" data-end=\"1419\">\ud83c\udf3f <strong data-start=\"1359\" data-end=\"1387\">C\u00e1c ho\u1ea1t ch\u1ea5t thu\u1ea7n chay<\/strong> \u2013 an to\u00e0n, kh\u00f4ng g\u00e2y k\u00edch \u1ee9ng<\/li>\n<\/ul>\n<hr data-start=\"1421\" data-end=\"1424\" \/>\n<h2 data-start=\"1426\" data-end=\"1459\">\ud83d\udc69\u200d\u2695\ufe0f Ph\u00f9 h\u1ee3p v\u1edbi lo\u1ea1i da n\u00e0o?<\/h2>\n<p data-start=\"1461\" data-end=\"1563\">\u2714 Da kh\u00f4, thi\u1ebfu \u1ea9m<br data-start=\"1479\" data-end=\"1482\" \/>\u2714 Da nh\u1ea1y c\u1ea3m<br data-start=\"1495\" data-end=\"1498\" \/>\u2714 Da x\u1ec9n m\u00e0u, thi\u1ebfu s\u1ee9c s\u1ed1ng<br data-start=\"1526\" data-end=\"1529\" \/>\u2714 Da th\u01b0\u1eddng mu\u1ed1n d\u01b0\u1ee1ng nh\u1eb9 nh\u00e0ng<\/p>\n<hr data-start=\"1565\" data-end=\"1568\" \/>\n<h2 data-start=\"1570\" data-end=\"1597\">\ud83d\udccc C\u00e1ch s\u1eed d\u1ee5ng hi\u1ec7u qu\u1ea3<\/h2>\n<ol data-start=\"1599\" data-end=\"1767\">\n<li data-start=\"1599\" data-end=\"1644\">L\u00e0m s\u1ea1ch da b\u1eb1ng t\u1ea9y trang &amp; s\u1eefa r\u1eeda m\u1eb7t<\/li>\n<li data-start=\"1645\" data-end=\"1691\">L\u1ea5y m\u1ed9t l\u01b0\u1ee3ng v\u1eeba \u0111\u1ee7 Cocoon Sen H\u1eadu Giang<\/li>\n<li data-start=\"1692\" data-end=\"1720\">Thoa \u0111\u1ec1u v\u00e0 massage nh\u1eb9<\/li>\n<li data-start=\"1721\" data-end=\"1767\">D\u00f9ng s\u00e1ng v\u00e0 t\u1ed1i \u0111\u1ec3 \u0111\u1ea1t hi\u1ec7u qu\u1ea3 t\u1ed1t nh\u1ea5t<\/li>\n<\/ol>\n<hr data-start=\"1769\" data-end=\"1772\" \/>\n<h2 data-start=\"1774\" data-end=\"1817\">\ud83d\udc96 V\u00ec sao n\u00ean ch\u1ecdn Cocoon Sen H\u1eadu Giang?<\/h2>\n<p data-start=\"1819\" data-end=\"1942\">\u2714 Th\u01b0\u01a1ng hi\u1ec7u Vi\u1ec7t uy t\u00edn<br data-start=\"1844\" data-end=\"1847\" \/>\u2714 Th\u00e0nh ph\u1ea7n thu\u1ea7n chay, l\u00e0nh t\u00ednh<br data-start=\"1881\" data-end=\"1884\" \/>\u2714 Kh\u00f4ng paraben, kh\u00f4ng c\u1ed3n kh\u00f4<br data-start=\"1914\" data-end=\"1917\" \/>\u2714 Ph\u00f9 h\u1ee3p nhi\u1ec1u lo\u1ea1i da<\/p>\n<hr data-start=\"1944\" data-end=\"1947\" \/>\n<h2 data-start=\"1949\" data-end=\"1973\">\u2b50 Feedback kh\u00e1ch h\u00e0ng<\/h2>\n<p data-start=\"1975\" data-end=\"2134\">\ud83d\udcac \u201cDa m\u00ecnh m\u1ec1m h\u01a1n h\u1eb3n sau 1 tu\u1ea7n d\u00f9ng, m\u00f9i sen c\u1ef1c d\u1ec5 ch\u1ecbu!\u201d<br data-start=\"2037\" data-end=\"2040\" \/>\ud83d\udcac \u201cD\u00f9ng r\u1ea5t l\u00e0nh, kh\u00f4ng b\u1ecb k\u00edch \u1ee9ng, h\u1ee3p da nh\u1ea1y c\u1ea3m\u201d<br data-start=\"2094\" data-end=\"2097\" \/>\ud83d\udcac \u201cGi\u00e1 h\u1ee3p l\u00fd m\u00e0 ch\u1ea5t l\u01b0\u1ee3ng \u1ed5n \u00e1p\u201d<\/p>\n<hr data-start=\"2136\" data-end=\"2139\" \/>\n<h2 data-start=\"2141\" data-end=\"2155\">\ud83d\uded2 K\u1ebft lu\u1eadn<\/h2>\n<p data-start=\"2157\" data-end=\"2304\"><strong data-start=\"2157\" data-end=\"2181\">Cocoon Sen H\u1eadu Giang<\/strong> l\u00e0 l\u1ef1a ch\u1ecdn l\u00fd t\u01b0\u1edfng cho nh\u1eefng ai y\u00eau th\u00edch m\u1ef9 ph\u1ea9m thi\u00ean nhi\u00ean, l\u00e0nh t\u00ednh v\u00e0 mu\u1ed1n ch\u0103m s\u00f3c da m\u1ed9t c\u00e1ch an to\u00e0n, b\u1ec1n v\u1eefng.<\/p>\n<p data-start=\"2306\" data-end=\"2399\">\ud83d\udc49 N\u1ebfu b\u1ea1n \u0111ang t\u00ecm m\u1ed9t s\u1ea3n ph\u1ea9m d\u01b0\u1ee1ng da nh\u1eb9 d\u1ecbu, c\u1ea5p \u1ea9m t\u1ed1t th\u00ec \u0111\u00e2y l\u00e0 option r\u1ea5t \u0111\u00e1ng th\u1eed!<\/p>\n","protected":false},"excerpt":{"rendered":"<p>\ud83c\udf3f Gi\u1edbi thi\u1ec7u v\u1ec1 Cocoon Sen H\u1eadu Giang Cocoon mang \u0111\u1ebfn d\u00f2ng s\u1ea3n ph\u1ea9m Sen H\u1eadu Giang \u2013 l\u1ea5y c\u1ea3m h\u1ee9ng t\u1eeb nh\u1eefng c\u00e1nh \u0111\u1ed3ng sen thu\u1ea7n khi\u1ebft t\u1ea1i mi\u1ec1n T\u00e2y Vi\u1ec7t Nam. \u0110\u00e2y l\u00e0 d\u00f2ng m\u1ef9 ph\u1ea9m 100% thu\u1ea7n chay, kh\u00f4ng th\u1eed nghi\u1ec7m tr\u00ean \u0111\u1ed9ng v\u1eadt v\u00e0 c\u1ef1c k\u1ef3 l\u00e0nh t\u00ednh cho da. Tinh [&#8230;]\n","protected":false},"featured_media":559,"comment_status":"open","ping_status":"closed","template":"","meta":[],"product_brand":[41],"product_cat":[85],"product_tag":[],"class_list":{"0":"post-555","1":"product","2":"type-product","3":"status-publish","4":"has-post-thumbnail","6":"product_brand-cocoon-viet-nam","7":"product_cat-tay-trang","9":"first","10":"instock","11":"sale","12":"shipping-taxable","13":"purchasable","14":"product-type-variable"},"yoast_head":"<!-- This site is optimized with the Yoast SEO plugin v27.4 - https:\/\/yoast.com\/product\/yoast-seo-wordpress\/ -->\n<title>Cocoon Sen H\u1eadu Giang - Vuyt my<\/title>\n<meta name=\"description\" content=\"Cocoon Sen H\u1eadu Giang l\u00e0 d\u00f2ng d\u01b0\u1ee1ng da thu\u1ea7n chay chi\u1ebft xu\u1ea5t hoa sen Vi\u1ec7t Nam, gi\u00fap c\u1ea5p \u1ea9m, l\u00e0m d\u1ecbu v\u00e0 mang l\u1ea1i l\u00e0n da m\u1ec1m m\u1ecbn, t\u01b0\u01a1i s\u00e1ng t\u1ef1 nhi\u00ean.\" \/>\n<meta name=\"robots\" content=\"index, follow, max-snippet:-1, max-image-preview:large, max-video-preview:-1\" \/>\n<link rel=\"canonical\" href=\"https:\/\/vuytmy.azdigi.shop\/?product=cocoon-sen-hau-giang\" \/>\n<meta property=\"og:locale\" content=\"vi_VN\" \/>\n<meta property=\"og:type\" content=\"article\" \/>\n<meta property=\"og:title\" content=\"Cocoon Sen H\u1eadu Giang - Vuyt my\" \/>\n<meta property=\"og:description\" content=\"Cocoon Sen H\u1eadu Giang l\u00e0 d\u00f2ng d\u01b0\u1ee1ng da thu\u1ea7n chay chi\u1ebft xu\u1ea5t hoa sen Vi\u1ec7t Nam, gi\u00fap c\u1ea5p \u1ea9m, l\u00e0m d\u1ecbu v\u00e0 mang l\u1ea1i l\u00e0n da m\u1ec1m m\u1ecbn, t\u01b0\u01a1i s\u00e1ng t\u1ef1 nhi\u00ean.\" \/>\n<meta property=\"og:url\" content=\"https:\/\/vuytmy.azdigi.shop\/?product=cocoon-sen-hau-giang\" \/>\n<meta property=\"og:site_name\" content=\"Vuyt my\" \/>\n<meta property=\"og:image\" content=\"https:\/\/vuytmy.azdigi.shop\/wp-content\/uploads\/2026\/04\/f351933328f382ed78f4a222bd056d7a.jpg\" \/>\n\t<meta property=\"og:image:width\" content=\"735\" \/>\n\t<meta property=\"og:image:height\" content=\"1103\" \/>\n\t<meta property=\"og:image:type\" content=\"image\/jpeg\" \/>\n<meta name=\"twitter:card\" content=\"summary_large_image\" \/>\n<meta name=\"twitter:label1\" content=\"\u01af\u1edbc t\u00ednh th\u1eddi gian \u0111\u1ecdc\" \/>\n\t<meta name=\"twitter:data1\" content=\"3 ph\u00fat\" \/>\n<script type=\"application\/ld+json\" class=\"yoast-schema-graph\">{\"@context\":\"https:\\\/\\\/schema.org\",\"@graph\":[{\"@type\":\"WebPage\",\"@id\":\"https:\\\/\\\/vuytmy.azdigi.shop\\\/?product=cocoon-sen-hau-giang\",\"url\":\"https:\\\/\\\/vuytmy.azdigi.shop\\\/?product=cocoon-sen-hau-giang\",\"name\":\"Cocoon Sen H\u1eadu Giang - Vuyt my\",\"isPartOf\":{\"@id\":\"https:\\\/\\\/vuytmy.azdigi.shop\\\/#website\"},\"primaryImageOfPage\":{\"@id\":\"https:\\\/\\\/vuytmy.azdigi.shop\\\/?product=cocoon-sen-hau-giang#primaryimage\"},\"image\":{\"@id\":\"https:\\\/\\\/vuytmy.azdigi.shop\\\/?product=cocoon-sen-hau-giang#primaryimage\"},\"thumbnailUrl\":\"https:\\\/\\\/vuytmy.azdigi.shop\\\/wp-content\\\/uploads\\\/2026\\\/04\\\/f351933328f382ed78f4a222bd056d7a.jpg\",\"datePublished\":\"2026-04-18T15:35:35+00:00\",\"description\":\"Cocoon Sen H\u1eadu Giang l\u00e0 d\u00f2ng d\u01b0\u1ee1ng da thu\u1ea7n chay chi\u1ebft xu\u1ea5t hoa sen Vi\u1ec7t Nam, gi\u00fap c\u1ea5p \u1ea9m, l\u00e0m d\u1ecbu v\u00e0 mang l\u1ea1i l\u00e0n da m\u1ec1m m\u1ecbn, t\u01b0\u01a1i s\u00e1ng t\u1ef1 nhi\u00ean.\",\"breadcrumb\":{\"@id\":\"https:\\\/\\\/vuytmy.azdigi.shop\\\/?product=cocoon-sen-hau-giang#breadcrumb\"},\"inLanguage\":\"vi\",\"potentialAction\":[{\"@type\":\"ReadAction\",\"target\":[\"https:\\\/\\\/vuytmy.azdigi.shop\\\/?product=cocoon-sen-hau-giang\"]}]},{\"@type\":\"ImageObject\",\"inLanguage\":\"vi\",\"@id\":\"https:\\\/\\\/vuytmy.azdigi.shop\\\/?product=cocoon-sen-hau-giang#primaryimage\",\"url\":\"https:\\\/\\\/vuytmy.azdigi.shop\\\/wp-content\\\/uploads\\\/2026\\\/04\\\/f351933328f382ed78f4a222bd056d7a.jpg\",\"contentUrl\":\"https:\\\/\\\/vuytmy.azdigi.shop\\\/wp-content\\\/uploads\\\/2026\\\/04\\\/f351933328f382ed78f4a222bd056d7a.jpg\",\"width\":735,\"height\":1103},{\"@type\":\"BreadcrumbList\",\"@id\":\"https:\\\/\\\/vuytmy.azdigi.shop\\\/?product=cocoon-sen-hau-giang#breadcrumb\",\"itemListElement\":[{\"@type\":\"ListItem\",\"position\":1,\"name\":\"Trang ch\u1ee7\",\"item\":\"https:\\\/\\\/vuytmy.azdigi.shop\\\/\"},{\"@type\":\"ListItem\",\"position\":2,\"name\":\"C\u1eeda h\u00e0ng\",\"item\":\"https:\\\/\\\/vuytmy.azdigi.shop\\\/?page_id=19\"},{\"@type\":\"ListItem\",\"position\":3,\"name\":\"Cocoon Sen H\u1eadu Giang\"}]},{\"@type\":\"WebSite\",\"@id\":\"https:\\\/\\\/vuytmy.azdigi.shop\\\/#website\",\"url\":\"https:\\\/\\\/vuytmy.azdigi.shop\\\/\",\"name\":\"Vuyt my\",\"description\":\"\",\"potentialAction\":[{\"@type\":\"SearchAction\",\"target\":{\"@type\":\"EntryPoint\",\"urlTemplate\":\"https:\\\/\\\/vuytmy.azdigi.shop\\\/?s={search_term_string}\"},\"query-input\":{\"@type\":\"PropertyValueSpecification\",\"valueRequired\":true,\"valueName\":\"search_term_string\"}}],\"inLanguage\":\"vi\"}]}<\/script>\n<!-- \/ Yoast SEO plugin. -->","yoast_head_json":{"title":"Cocoon Sen H\u1eadu Giang - Vuyt my","description":"Cocoon Sen H\u1eadu Giang l\u00e0 d\u00f2ng d\u01b0\u1ee1ng da thu\u1ea7n chay chi\u1ebft xu\u1ea5t hoa sen Vi\u1ec7t Nam, gi\u00fap c\u1ea5p \u1ea9m, l\u00e0m d\u1ecbu v\u00e0 mang l\u1ea1i l\u00e0n da m\u1ec1m m\u1ecbn, t\u01b0\u01a1i s\u00e1ng t\u1ef1 nhi\u00ean.","robots":{"index":"index","follow":"follow","max-snippet":"max-snippet:-1","max-image-preview":"max-image-preview:large","max-video-preview":"max-video-preview:-1"},"canonical":"https:\/\/vuytmy.azdigi.shop\/?product=cocoon-sen-hau-giang","og_locale":"vi_VN","og_type":"article","og_title":"Cocoon Sen H\u1eadu Giang - Vuyt my","og_description":"Cocoon Sen H\u1eadu Giang l\u00e0 d\u00f2ng d\u01b0\u1ee1ng da thu\u1ea7n chay chi\u1ebft xu\u1ea5t hoa sen Vi\u1ec7t Nam, gi\u00fap c\u1ea5p \u1ea9m, l\u00e0m d\u1ecbu v\u00e0 mang l\u1ea1i l\u00e0n da m\u1ec1m m\u1ecbn, t\u01b0\u01a1i s\u00e1ng t\u1ef1 nhi\u00ean.","og_url":"https:\/\/vuytmy.azdigi.shop\/?product=cocoon-sen-hau-giang","og_site_name":"Vuyt my","og_image":[{"width":735,"height":1103,"url":"https:\/\/vuytmy.azdigi.shop\/wp-content\/uploads\/2026\/04\/f351933328f382ed78f4a222bd056d7a.jpg","type":"image\/jpeg"}],"twitter_card":"summary_large_image","twitter_misc":{"\u01af\u1edbc t\u00ednh th\u1eddi gian \u0111\u1ecdc":"3 ph\u00fat"},"schema":{"@context":"https:\/\/schema.org","@graph":[{"@type":"WebPage","@id":"https:\/\/vuytmy.azdigi.shop\/?product=cocoon-sen-hau-giang","url":"https:\/\/vuytmy.azdigi.shop\/?product=cocoon-sen-hau-giang","name":"Cocoon Sen H\u1eadu Giang - Vuyt my","isPartOf":{"@id":"https:\/\/vuytmy.azdigi.shop\/#website"},"primaryImageOfPage":{"@id":"https:\/\/vuytmy.azdigi.shop\/?product=cocoon-sen-hau-giang#primaryimage"},"image":{"@id":"https:\/\/vuytmy.azdigi.shop\/?product=cocoon-sen-hau-giang#primaryimage"},"thumbnailUrl":"https:\/\/vuytmy.azdigi.shop\/wp-content\/uploads\/2026\/04\/f351933328f382ed78f4a222bd056d7a.jpg","datePublished":"2026-04-18T15:35:35+00:00","description":"Cocoon Sen H\u1eadu Giang l\u00e0 d\u00f2ng d\u01b0\u1ee1ng da thu\u1ea7n chay chi\u1ebft xu\u1ea5t hoa sen Vi\u1ec7t Nam, gi\u00fap c\u1ea5p \u1ea9m, l\u00e0m d\u1ecbu v\u00e0 mang l\u1ea1i l\u00e0n da m\u1ec1m m\u1ecbn, t\u01b0\u01a1i s\u00e1ng t\u1ef1 nhi\u00ean.","breadcrumb":{"@id":"https:\/\/vuytmy.azdigi.shop\/?product=cocoon-sen-hau-giang#breadcrumb"},"inLanguage":"vi","potentialAction":[{"@type":"ReadAction","target":["https:\/\/vuytmy.azdigi.shop\/?product=cocoon-sen-hau-giang"]}]},{"@type":"ImageObject","inLanguage":"vi","@id":"https:\/\/vuytmy.azdigi.shop\/?product=cocoon-sen-hau-giang#primaryimage","url":"https:\/\/vuytmy.azdigi.shop\/wp-content\/uploads\/2026\/04\/f351933328f382ed78f4a222bd056d7a.jpg","contentUrl":"https:\/\/vuytmy.azdigi.shop\/wp-content\/uploads\/2026\/04\/f351933328f382ed78f4a222bd056d7a.jpg","width":735,"height":1103},{"@type":"BreadcrumbList","@id":"https:\/\/vuytmy.azdigi.shop\/?product=cocoon-sen-hau-giang#breadcrumb","itemListElement":[{"@type":"ListItem","position":1,"name":"Trang ch\u1ee7","item":"https:\/\/vuytmy.azdigi.shop\/"},{"@type":"ListItem","position":2,"name":"C\u1eeda h\u00e0ng","item":"https:\/\/vuytmy.azdigi.shop\/?page_id=19"},{"@type":"ListItem","position":3,"name":"Cocoon Sen H\u1eadu Giang"}]},{"@type":"WebSite","@id":"https:\/\/vuytmy.azdigi.shop\/#website","url":"https:\/\/vuytmy.azdigi.shop\/","name":"Vuyt my","description":"","potentialAction":[{"@type":"SearchAction","target":{"@type":"EntryPoint","urlTemplate":"https:\/\/vuytmy.azdigi.shop\/?s={search_term_string}"},"query-input":{"@type":"PropertyValueSpecification","valueRequired":true,"valueName":"search_term_string"}}],"inLanguage":"vi"}]}},"_links":{"self":[{"href":"https:\/\/vuytmy.azdigi.shop\/index.php?rest_route=\/wp\/v2\/product\/555","targetHints":{"allow":["GET"]}}],"collection":[{"href":"https:\/\/vuytmy.azdigi.shop\/index.php?rest_route=\/wp\/v2\/product"}],"about":[{"href":"https:\/\/vuytmy.azdigi.shop\/index.php?rest_route=\/wp\/v2\/types\/product"}],"replies":[{"embeddable":true,"href":"https:\/\/vuytmy.azdigi.shop\/index.php?rest_route=%2Fwp%2Fv2%2Fcomments&post=555"}],"wp:featuredmedia":[{"embeddable":true,"href":"https:\/\/vuytmy.azdigi.shop\/index.php?rest_route=\/wp\/v2\/media\/559"}],"wp:attachment":[{"href":"https:\/\/vuytmy.azdigi.shop\/index.php?rest_route=%2Fwp%2Fv2%2Fmedia&parent=555"}],"wp:term":[{"taxonomy":"product_brand","embeddable":true,"href":"https:\/\/vuytmy.azdigi.shop\/index.php?rest_route=%2Fwp%2Fv2%2Fproduct_brand&post=555"},{"taxonomy":"product_cat","embeddable":true,"href":"https:\/\/vuytmy.azdigi.shop\/index.php?rest_route=%2Fwp%2Fv2%2Fproduct_cat&post=555"},{"taxonomy":"product_tag","embeddable":true,"href":"https:\/\/vuytmy.azdigi.shop\/index.php?rest_route=%2Fwp%2Fv2%2Fproduct_tag&post=555"}],"curies":[{"name":"wp","href":"https:\/\/api.w.org\/{rel}","templated":true}]}}