{"id":517,"date":"2026-04-18T14:16:15","date_gmt":"2026-04-18T14:16:15","guid":{"rendered":"https:\/\/vuytmy.azdigi.shop\/?post_type=product&#038;p=517"},"modified":"2026-04-18T14:16:15","modified_gmt":"2026-04-18T14:16:15","slug":"nuoc-tay-trang-laroche-posay-da-dau","status":"publish","type":"product","link":"https:\/\/vuytmy.azdigi.shop\/?product=nuoc-tay-trang-laroche-posay-da-dau","title":{"rendered":"N\u01b0\u1edbc T\u1ea9y Trang La Roche-Posay Da D\u1ea7u: S\u1ea1ch Nh\u1eddn, Ng\u1eeba M\u1ee5n"},"content":{"rendered":"<h1 data-start=\"511\" data-end=\"561\">\ud83c\udf3f T\u1ea9y Trang La Roche-Posay Da D\u1ea7u C\u00f3 T\u1ed1t Kh\u00f4ng?<\/h1>\n<p data-start=\"563\" data-end=\"856\">N\u1ebfu b\u1ea1n \u0111ang t\u00ecm m\u1ed9t s\u1ea3n ph\u1ea9m l\u00e0m s\u1ea1ch d\u1ecbu nh\u1eb9 nh\u01b0ng v\u1eabn ki\u1ec3m so\u00e1t d\u1ea7u hi\u1ec7u qu\u1ea3, th\u00ec <strong data-start=\"648\" data-end=\"683\">t\u1ea9y trang La Roche-Posay da d\u1ea7u<\/strong> l\u00e0 l\u1ef1a ch\u1ecdn r\u1ea5t \u0111\u00e1ng c\u00e2n nh\u1eafc. N\u1ed5i b\u1eadt nh\u1ea5t l\u00e0 d\u00f2ng <strong data-start=\"736\" data-end=\"794\">La Roche-Posay Effaclar Micellar Water Ultra Oily Skin<\/strong> \u2013 \u0111\u01b0\u1ee3c thi\u1ebft k\u1ebf ri\u00eang cho l\u00e0n da d\u1ea7u, d\u1ec5 n\u1ed5i m\u1ee5n v\u00e0 nh\u1ea1y c\u1ea3m.<\/p>\n<p data-start=\"858\" data-end=\"999\">S\u1ea3n ph\u1ea9m s\u1eed d\u1ee5ng c\u00f4ng ngh\u1ec7 micellar gi\u00fap h\u00fat s\u1ea1ch b\u1ee5i b\u1ea9n, b\u00e3 nh\u1eddn v\u00e0 l\u1edbp trang \u0111i\u1ec3m m\u00e0 kh\u00f4ng c\u1ea7n ch\u00e0 x\u00e1t m\u1ea1nh, gi\u1eef cho da lu\u00f4n th\u00f4ng tho\u00e1ng.<\/p>\n<hr data-start=\"1001\" data-end=\"1004\" \/>\n<h2 data-start=\"1006\" data-end=\"1057\">\ud83d\udca7 C\u00f4ng d\u1ee5ng c\u1ee7a t\u1ea9y trang La Roche-Posay da d\u1ea7u<\/h2>\n<ul data-start=\"1059\" data-end=\"1262\">\n<li data-start=\"1059\" data-end=\"1107\">L\u00e0m s\u1ea1ch b\u1ee5i b\u1ea9n, d\u1ea7u th\u1eeba v\u00e0 l\u1edbp makeup nh\u1eb9<\/li>\n<li data-start=\"1108\" data-end=\"1145\">H\u1ed7 tr\u1ee3 ki\u1ec3m so\u00e1t b\u00e3 nh\u1eddn hi\u1ec7u qu\u1ea3<\/li>\n<li data-start=\"1146\" data-end=\"1193\">Gi\u00fap l\u1ed7 ch\u00e2n l\u00f4ng th\u00f4ng tho\u00e1ng, h\u1ea1n ch\u1ebf m\u1ee5n<\/li>\n<li data-start=\"1194\" data-end=\"1223\">L\u00e0m d\u1ecbu da, gi\u1ea3m k\u00edch \u1ee9ng<\/li>\n<li data-start=\"1224\" data-end=\"1262\">Kh\u00f4ng g\u00e2y kh\u00f4 c\u0103ng sau khi s\u1eed d\u1ee5ng<\/li>\n<\/ul>\n<hr data-start=\"1264\" data-end=\"1267\" \/>\n<h2 data-start=\"1269\" data-end=\"1292\">\u2b50 Th\u00e0nh ph\u1ea7n n\u1ed5i b\u1eadt<\/h2>\n<ul data-start=\"1294\" data-end=\"1462\">\n<li data-start=\"1294\" data-end=\"1354\"><strong data-start=\"1296\" data-end=\"1314\">Micellar Water<\/strong>: l\u00e0m s\u1ea1ch d\u1ecbu nh\u1eb9, kh\u00f4ng c\u1ea7n r\u1eeda m\u1ea1nh<\/li>\n<li data-start=\"1355\" data-end=\"1405\"><strong data-start=\"1357\" data-end=\"1369\">Zinc PCA<\/strong>: gi\u00fap gi\u1ea3m d\u1ea7u v\u00e0 h\u1ed7 tr\u1ee3 ng\u1eeba m\u1ee5n<\/li>\n<li data-start=\"1406\" data-end=\"1462\"><strong data-start=\"1408\" data-end=\"1438\">N\u01b0\u1edbc kho\u00e1ng La Roche-Posay<\/strong>: l\u00e0m d\u1ecbu v\u00e0 b\u1ea3o v\u1ec7 da<\/li>\n<\/ul>\n<hr data-start=\"1464\" data-end=\"1467\" \/>\n<h2 data-start=\"1469\" data-end=\"1490\">\ud83d\udc4d \u01afu \u0111i\u1ec3m n\u1ed5i b\u1eadt<\/h2>\n<p data-start=\"1492\" data-end=\"1627\">\u2714\ufe0f K\u1ebft c\u1ea5u nh\u1eb9, kh\u00f4ng nh\u1eddn r\u00edt<br data-start=\"1522\" data-end=\"1525\" \/>\u2714\ufe0f Ph\u00f9 h\u1ee3p da d\u1ea7u, da m\u1ee5n, da nh\u1ea1y c\u1ea3m<br data-start=\"1563\" data-end=\"1566\" \/>\u2714\ufe0f Kh\u00f4ng ch\u1ee9a x\u00e0 ph\u00f2ng g\u00e2y kh\u00f4 da<br data-start=\"1599\" data-end=\"1602\" \/>\u2714\ufe0f D\u1ec5 s\u1eed d\u1ee5ng h\u00e0ng ng\u00e0y<\/p>\n<hr data-start=\"1629\" data-end=\"1632\" \/>\n<h2 data-start=\"1634\" data-end=\"1650\">\u26a0\ufe0f Nh\u01b0\u1ee3c \u0111i\u1ec3m<\/h2>\n<ul data-start=\"1652\" data-end=\"1744\">\n<li data-start=\"1652\" data-end=\"1702\">Kh\u00f4ng l\u00e0m s\u1ea1ch ho\u00e0n to\u00e0n makeup ch\u1ed1ng n\u01b0\u1edbc \u0111\u1eadm<\/li>\n<li data-start=\"1703\" data-end=\"1744\">Gi\u00e1 cao h\u01a1n m\u1ed9t s\u1ed1 s\u1ea3n ph\u1ea9m ph\u1ed5 th\u00f4ng<\/li>\n<\/ul>\n<hr data-start=\"1746\" data-end=\"1749\" \/>\n<h2 data-start=\"1751\" data-end=\"1779\">\ud83d\udc69\u200d\ud83e\uddb0 C\u1ea3m nh\u1eadn ng\u01b0\u1eddi d\u00f9ng<\/h2>\n<ul data-start=\"1781\" data-end=\"1905\">\n<li data-start=\"1781\" data-end=\"1818\">\u201cDa s\u1ea1ch nh\u01b0ng kh\u00f4ng b\u1ecb kh\u00f4 c\u0103ng\u201d<\/li>\n<li data-start=\"1819\" data-end=\"1859\">\u201cD\u1ea7u gi\u1ea3m r\u00f5 sau m\u1ed9t th\u1eddi gian d\u00f9ng\u201d<\/li>\n<li data-start=\"1860\" data-end=\"1905\">\u201cKh\u00f4ng g\u00e2y k\u00edch \u1ee9ng, r\u1ea5t h\u1ee3p da nh\u1ea1y c\u1ea3m\u201d<\/li>\n<\/ul>\n<hr data-start=\"2027\" data-end=\"2030\" \/>\n<h2 data-start=\"2032\" data-end=\"2064\">\ud83d\udccc H\u01b0\u1edbng d\u1eabn s\u1eed d\u1ee5ng hi\u1ec7u qu\u1ea3<\/h2>\n<ol data-start=\"2066\" data-end=\"2224\">\n<li data-start=\"2066\" data-end=\"2099\">Th\u1ea5m s\u1ea3n ph\u1ea9m ra b\u00f4ng cotton<\/li>\n<li data-start=\"2100\" data-end=\"2130\">Lau nh\u1eb9 to\u00e0n b\u1ed9 khu\u00f4n m\u1eb7t<\/li>\n<li data-start=\"2131\" data-end=\"2174\">T\u1eadp trung v\u00f9ng nhi\u1ec1u d\u1ea7u nh\u01b0 tr\u00e1n, m\u0169i<\/li>\n<li data-start=\"2175\" data-end=\"2224\">R\u1eeda l\u1ea1i b\u1eb1ng s\u1eefa r\u1eeda m\u1eb7t \u0111\u1ec3 l\u00e0m s\u1ea1ch s\u00e2u h\u01a1n<\/li>\n<\/ol>\n<hr data-start=\"2226\" data-end=\"2229\" \/>\n<h2 data-start=\"2231\" data-end=\"2262\">\ud83d\udd17 G\u1ee3i \u00fd k\u1ebft h\u1ee3p ch\u0103m s\u00f3c da<\/h2>\n<p data-start=\"2264\" data-end=\"2333\">\u0110\u1ec3 \u0111\u1ea1t hi\u1ec7u qu\u1ea3 t\u1ed1t nh\u1ea5t, b\u1ea1n n\u00ean k\u1ebft h\u1ee3p v\u1edbi c\u00e1c b\u01b0\u1edbc skincare kh\u00e1c:<\/p>\n<ul data-start=\"2335\" data-end=\"2434\">\n<li data-start=\"2335\" data-end=\"2361\">S\u1eefa r\u1eeda m\u1eb7t cho da d\u1ea7u<\/li>\n<li data-start=\"2362\" data-end=\"2398\">Kem ch\u1ed1ng n\u1eafng ki\u1ec1m d\u1ea7u ban ng\u00e0y<\/li>\n<li data-start=\"2399\" data-end=\"2434\">Toner gi\u00fap se kh\u00edt l\u1ed7 ch\u00e2n l\u00f4ng<\/li>\n<\/ul>\n<p data-start=\"2436\" data-end=\"2450\">\ud83d\udc49 Xem th\u00eam:<\/p>\n<ul data-start=\"2451\" data-end=\"2501\">\n<li data-start=\"2451\" data-end=\"2474\">\/sua-rua-mat-da-dau<\/li>\n<li data-start=\"2475\" data-end=\"2501\">\/kem-chong-nang-da-dau<\/li>\n<\/ul>\n<hr data-start=\"2503\" data-end=\"2506\" \/>\n<h2 data-start=\"2508\" data-end=\"2538\">\ud83c\udf10 Th\u00f4ng tin th\u00eam t\u1eeb h\u00e3ng<\/h2>\n<p data-start=\"2539\" data-end=\"2612\">Tham kh\u1ea3o chi ti\u1ebft t\u1ea1i website ch\u00ednh th\u1ee9c: <a class=\"decorated-link cursor-pointer\" target=\"_new\" rel=\"noopener\" data-start=\"2582\" data-end=\"2610\">https:\/\/www.laroche-posay.vn<\/a><\/p>\n<hr data-start=\"2614\" data-end=\"2617\" \/>\n<h1 data-start=\"2619\" data-end=\"2640\">\u2753 C\u00f3 n\u00ean mua kh\u00f4ng?<\/h1>\n<p data-start=\"2642\" data-end=\"2875\">N\u1ebfu b\u1ea1n \u0111ang c\u1ea7n m\u1ed9t s\u1ea3n ph\u1ea9m <strong data-start=\"2672\" data-end=\"2721\">l\u00e0m s\u1ea1ch t\u1ed1t \u2013 gi\u1ea3m nh\u1eddn \u2013 ph\u00f9 h\u1ee3p da d\u1ea7u m\u1ee5n<\/strong>, th\u00ec <strong data-start=\"2727\" data-end=\"2762\">t\u1ea9y trang La Roche-Posay da d\u1ea7u<\/strong> l\u00e0 l\u1ef1a ch\u1ecdn r\u1ea5t \u0111\u00e1ng \u0111\u1ea7u t\u01b0. S\u1ea3n ph\u1ea9m ph\u00f9 h\u1ee3p cho c\u1ea3 ng\u01b0\u1eddi m\u1edbi b\u1eaft \u0111\u1ea7u skincare l\u1eabn nh\u1eefng ai c\u00f3 l\u00e0n da nh\u1ea1y c\u1ea3m.<\/p>\n<ul data-start=\"2921\" data-end=\"3019\">\n<li data-start=\"2921\" data-end=\"2955\">tay trang laroche posay da dau<\/li>\n<li data-start=\"2956\" data-end=\"2985\">nuoc tay trang da dau mun<\/li>\n<li data-start=\"2986\" data-end=\"3019\">laroche posay effaclar review<\/li>\n<\/ul>\n","protected":false},"excerpt":{"rendered":"<p>\ud83c\udf3f T\u1ea9y Trang La Roche-Posay Da D\u1ea7u C\u00f3 T\u1ed1t Kh\u00f4ng? N\u1ebfu b\u1ea1n \u0111ang t\u00ecm m\u1ed9t s\u1ea3n ph\u1ea9m l\u00e0m s\u1ea1ch d\u1ecbu nh\u1eb9 nh\u01b0ng v\u1eabn ki\u1ec3m so\u00e1t d\u1ea7u hi\u1ec7u qu\u1ea3, th\u00ec t\u1ea9y trang La Roche-Posay da d\u1ea7u l\u00e0 l\u1ef1a ch\u1ecdn r\u1ea5t \u0111\u00e1ng c\u00e2n nh\u1eafc. N\u1ed5i b\u1eadt nh\u1ea5t l\u00e0 d\u00f2ng La Roche-Posay Effaclar Micellar Water Ultra Oily Skin [&#8230;]\n","protected":false},"featured_media":527,"comment_status":"open","ping_status":"closed","template":"","meta":[],"product_brand":[57],"product_cat":[85],"product_tag":[],"class_list":{"0":"post-517","1":"product","2":"type-product","3":"status-publish","4":"has-post-thumbnail","6":"product_brand-la-roche-posay","7":"product_cat-tay-trang","9":"first","10":"instock","11":"sale","12":"shipping-taxable","13":"purchasable","14":"product-type-variable"},"yoast_head":"<!-- This site is optimized with the Yoast SEO plugin v27.4 - https:\/\/yoast.com\/product\/yoast-seo-wordpress\/ -->\n<title>N\u01b0\u1edbc T\u1ea9y Trang La Roche-Posay Da D\u1ea7u: S\u1ea1ch Nh\u1eddn, Ng\u1eeba M\u1ee5n - Vuyt my<\/title>\n<meta name=\"description\" content=\"T\u1ea9y trang La Roche-Posay da d\u1ea7u gi\u00fap l\u00e0m s\u1ea1ch s\u00e2u, gi\u1ea3m nh\u1eddn v\u00e0 h\u1ed7 tr\u1ee3 ng\u1eeba m\u1ee5n hi\u1ec7u qu\u1ea3. D\u1ecbu nh\u1eb9 cho da d\u1ea7u m\u1ee5n, da nh\u1ea1y c\u1ea3m.\" \/>\n<meta name=\"robots\" content=\"index, follow, max-snippet:-1, max-image-preview:large, max-video-preview:-1\" \/>\n<link rel=\"canonical\" href=\"https:\/\/vuytmy.azdigi.shop\/?product=nuoc-tay-trang-laroche-posay-da-dau\" \/>\n<meta property=\"og:locale\" content=\"vi_VN\" \/>\n<meta property=\"og:type\" content=\"article\" \/>\n<meta property=\"og:title\" content=\"N\u01b0\u1edbc T\u1ea9y Trang La Roche-Posay Da D\u1ea7u: S\u1ea1ch Nh\u1eddn, Ng\u1eeba M\u1ee5n - Vuyt my\" \/>\n<meta property=\"og:description\" content=\"T\u1ea9y trang La Roche-Posay da d\u1ea7u gi\u00fap l\u00e0m s\u1ea1ch s\u00e2u, gi\u1ea3m nh\u1eddn v\u00e0 h\u1ed7 tr\u1ee3 ng\u1eeba m\u1ee5n hi\u1ec7u qu\u1ea3. D\u1ecbu nh\u1eb9 cho da d\u1ea7u m\u1ee5n, da nh\u1ea1y c\u1ea3m.\" \/>\n<meta property=\"og:url\" content=\"https:\/\/vuytmy.azdigi.shop\/?product=nuoc-tay-trang-laroche-posay-da-dau\" \/>\n<meta property=\"og:site_name\" content=\"Vuyt my\" \/>\n<meta property=\"og:image\" content=\"https:\/\/vuytmy.azdigi.shop\/wp-content\/uploads\/2026\/04\/4_d9cd1f1ffdcf402aa64f0095ae8202bd_1024x1024.png\" \/>\n\t<meta property=\"og:image:width\" content=\"800\" \/>\n\t<meta property=\"og:image:height\" content=\"800\" \/>\n\t<meta property=\"og:image:type\" content=\"image\/png\" \/>\n<meta name=\"twitter:card\" content=\"summary_large_image\" \/>\n<meta name=\"twitter:label1\" content=\"\u01af\u1edbc t\u00ednh th\u1eddi gian \u0111\u1ecdc\" \/>\n\t<meta name=\"twitter:data1\" content=\"3 ph\u00fat\" \/>\n<script type=\"application\/ld+json\" class=\"yoast-schema-graph\">{\"@context\":\"https:\\\/\\\/schema.org\",\"@graph\":[{\"@type\":\"WebPage\",\"@id\":\"https:\\\/\\\/vuytmy.azdigi.shop\\\/?product=nuoc-tay-trang-laroche-posay-da-dau\",\"url\":\"https:\\\/\\\/vuytmy.azdigi.shop\\\/?product=nuoc-tay-trang-laroche-posay-da-dau\",\"name\":\"N\u01b0\u1edbc T\u1ea9y Trang La Roche-Posay Da D\u1ea7u: S\u1ea1ch Nh\u1eddn, Ng\u1eeba M\u1ee5n - Vuyt my\",\"isPartOf\":{\"@id\":\"https:\\\/\\\/vuytmy.azdigi.shop\\\/#website\"},\"primaryImageOfPage\":{\"@id\":\"https:\\\/\\\/vuytmy.azdigi.shop\\\/?product=nuoc-tay-trang-laroche-posay-da-dau#primaryimage\"},\"image\":{\"@id\":\"https:\\\/\\\/vuytmy.azdigi.shop\\\/?product=nuoc-tay-trang-laroche-posay-da-dau#primaryimage\"},\"thumbnailUrl\":\"https:\\\/\\\/vuytmy.azdigi.shop\\\/wp-content\\\/uploads\\\/2026\\\/04\\\/4_d9cd1f1ffdcf402aa64f0095ae8202bd_1024x1024.png\",\"datePublished\":\"2026-04-18T14:16:15+00:00\",\"description\":\"T\u1ea9y trang La Roche-Posay da d\u1ea7u gi\u00fap l\u00e0m s\u1ea1ch s\u00e2u, gi\u1ea3m nh\u1eddn v\u00e0 h\u1ed7 tr\u1ee3 ng\u1eeba m\u1ee5n hi\u1ec7u qu\u1ea3. D\u1ecbu nh\u1eb9 cho da d\u1ea7u m\u1ee5n, da nh\u1ea1y c\u1ea3m.\",\"breadcrumb\":{\"@id\":\"https:\\\/\\\/vuytmy.azdigi.shop\\\/?product=nuoc-tay-trang-laroche-posay-da-dau#breadcrumb\"},\"inLanguage\":\"vi\",\"potentialAction\":[{\"@type\":\"ReadAction\",\"target\":[\"https:\\\/\\\/vuytmy.azdigi.shop\\\/?product=nuoc-tay-trang-laroche-posay-da-dau\"]}]},{\"@type\":\"ImageObject\",\"inLanguage\":\"vi\",\"@id\":\"https:\\\/\\\/vuytmy.azdigi.shop\\\/?product=nuoc-tay-trang-laroche-posay-da-dau#primaryimage\",\"url\":\"https:\\\/\\\/vuytmy.azdigi.shop\\\/wp-content\\\/uploads\\\/2026\\\/04\\\/4_d9cd1f1ffdcf402aa64f0095ae8202bd_1024x1024.png\",\"contentUrl\":\"https:\\\/\\\/vuytmy.azdigi.shop\\\/wp-content\\\/uploads\\\/2026\\\/04\\\/4_d9cd1f1ffdcf402aa64f0095ae8202bd_1024x1024.png\",\"width\":800,\"height\":800},{\"@type\":\"BreadcrumbList\",\"@id\":\"https:\\\/\\\/vuytmy.azdigi.shop\\\/?product=nuoc-tay-trang-laroche-posay-da-dau#breadcrumb\",\"itemListElement\":[{\"@type\":\"ListItem\",\"position\":1,\"name\":\"Trang ch\u1ee7\",\"item\":\"https:\\\/\\\/vuytmy.azdigi.shop\\\/\"},{\"@type\":\"ListItem\",\"position\":2,\"name\":\"C\u1eeda h\u00e0ng\",\"item\":\"https:\\\/\\\/vuytmy.azdigi.shop\\\/?page_id=19\"},{\"@type\":\"ListItem\",\"position\":3,\"name\":\"N\u01b0\u1edbc T\u1ea9y Trang La Roche-Posay Da D\u1ea7u: S\u1ea1ch Nh\u1eddn, Ng\u1eeba M\u1ee5n\"}]},{\"@type\":\"WebSite\",\"@id\":\"https:\\\/\\\/vuytmy.azdigi.shop\\\/#website\",\"url\":\"https:\\\/\\\/vuytmy.azdigi.shop\\\/\",\"name\":\"Vuyt my\",\"description\":\"\",\"potentialAction\":[{\"@type\":\"SearchAction\",\"target\":{\"@type\":\"EntryPoint\",\"urlTemplate\":\"https:\\\/\\\/vuytmy.azdigi.shop\\\/?s={search_term_string}\"},\"query-input\":{\"@type\":\"PropertyValueSpecification\",\"valueRequired\":true,\"valueName\":\"search_term_string\"}}],\"inLanguage\":\"vi\"}]}<\/script>\n<!-- \/ Yoast SEO plugin. -->","yoast_head_json":{"title":"N\u01b0\u1edbc T\u1ea9y Trang La Roche-Posay Da D\u1ea7u: S\u1ea1ch Nh\u1eddn, Ng\u1eeba M\u1ee5n - Vuyt my","description":"T\u1ea9y trang La Roche-Posay da d\u1ea7u gi\u00fap l\u00e0m s\u1ea1ch s\u00e2u, gi\u1ea3m nh\u1eddn v\u00e0 h\u1ed7 tr\u1ee3 ng\u1eeba m\u1ee5n hi\u1ec7u qu\u1ea3. D\u1ecbu nh\u1eb9 cho da d\u1ea7u m\u1ee5n, da nh\u1ea1y c\u1ea3m.","robots":{"index":"index","follow":"follow","max-snippet":"max-snippet:-1","max-image-preview":"max-image-preview:large","max-video-preview":"max-video-preview:-1"},"canonical":"https:\/\/vuytmy.azdigi.shop\/?product=nuoc-tay-trang-laroche-posay-da-dau","og_locale":"vi_VN","og_type":"article","og_title":"N\u01b0\u1edbc T\u1ea9y Trang La Roche-Posay Da D\u1ea7u: S\u1ea1ch Nh\u1eddn, Ng\u1eeba M\u1ee5n - Vuyt my","og_description":"T\u1ea9y trang La Roche-Posay da d\u1ea7u gi\u00fap l\u00e0m s\u1ea1ch s\u00e2u, gi\u1ea3m nh\u1eddn v\u00e0 h\u1ed7 tr\u1ee3 ng\u1eeba m\u1ee5n hi\u1ec7u qu\u1ea3. D\u1ecbu nh\u1eb9 cho da d\u1ea7u m\u1ee5n, da nh\u1ea1y c\u1ea3m.","og_url":"https:\/\/vuytmy.azdigi.shop\/?product=nuoc-tay-trang-laroche-posay-da-dau","og_site_name":"Vuyt my","og_image":[{"width":800,"height":800,"url":"https:\/\/vuytmy.azdigi.shop\/wp-content\/uploads\/2026\/04\/4_d9cd1f1ffdcf402aa64f0095ae8202bd_1024x1024.png","type":"image\/png"}],"twitter_card":"summary_large_image","twitter_misc":{"\u01af\u1edbc t\u00ednh th\u1eddi gian \u0111\u1ecdc":"3 ph\u00fat"},"schema":{"@context":"https:\/\/schema.org","@graph":[{"@type":"WebPage","@id":"https:\/\/vuytmy.azdigi.shop\/?product=nuoc-tay-trang-laroche-posay-da-dau","url":"https:\/\/vuytmy.azdigi.shop\/?product=nuoc-tay-trang-laroche-posay-da-dau","name":"N\u01b0\u1edbc T\u1ea9y Trang La Roche-Posay Da D\u1ea7u: S\u1ea1ch Nh\u1eddn, Ng\u1eeba M\u1ee5n - Vuyt my","isPartOf":{"@id":"https:\/\/vuytmy.azdigi.shop\/#website"},"primaryImageOfPage":{"@id":"https:\/\/vuytmy.azdigi.shop\/?product=nuoc-tay-trang-laroche-posay-da-dau#primaryimage"},"image":{"@id":"https:\/\/vuytmy.azdigi.shop\/?product=nuoc-tay-trang-laroche-posay-da-dau#primaryimage"},"thumbnailUrl":"https:\/\/vuytmy.azdigi.shop\/wp-content\/uploads\/2026\/04\/4_d9cd1f1ffdcf402aa64f0095ae8202bd_1024x1024.png","datePublished":"2026-04-18T14:16:15+00:00","description":"T\u1ea9y trang La Roche-Posay da d\u1ea7u gi\u00fap l\u00e0m s\u1ea1ch s\u00e2u, gi\u1ea3m nh\u1eddn v\u00e0 h\u1ed7 tr\u1ee3 ng\u1eeba m\u1ee5n hi\u1ec7u qu\u1ea3. D\u1ecbu nh\u1eb9 cho da d\u1ea7u m\u1ee5n, da nh\u1ea1y c\u1ea3m.","breadcrumb":{"@id":"https:\/\/vuytmy.azdigi.shop\/?product=nuoc-tay-trang-laroche-posay-da-dau#breadcrumb"},"inLanguage":"vi","potentialAction":[{"@type":"ReadAction","target":["https:\/\/vuytmy.azdigi.shop\/?product=nuoc-tay-trang-laroche-posay-da-dau"]}]},{"@type":"ImageObject","inLanguage":"vi","@id":"https:\/\/vuytmy.azdigi.shop\/?product=nuoc-tay-trang-laroche-posay-da-dau#primaryimage","url":"https:\/\/vuytmy.azdigi.shop\/wp-content\/uploads\/2026\/04\/4_d9cd1f1ffdcf402aa64f0095ae8202bd_1024x1024.png","contentUrl":"https:\/\/vuytmy.azdigi.shop\/wp-content\/uploads\/2026\/04\/4_d9cd1f1ffdcf402aa64f0095ae8202bd_1024x1024.png","width":800,"height":800},{"@type":"BreadcrumbList","@id":"https:\/\/vuytmy.azdigi.shop\/?product=nuoc-tay-trang-laroche-posay-da-dau#breadcrumb","itemListElement":[{"@type":"ListItem","position":1,"name":"Trang ch\u1ee7","item":"https:\/\/vuytmy.azdigi.shop\/"},{"@type":"ListItem","position":2,"name":"C\u1eeda h\u00e0ng","item":"https:\/\/vuytmy.azdigi.shop\/?page_id=19"},{"@type":"ListItem","position":3,"name":"N\u01b0\u1edbc T\u1ea9y Trang La Roche-Posay Da D\u1ea7u: S\u1ea1ch Nh\u1eddn, Ng\u1eeba M\u1ee5n"}]},{"@type":"WebSite","@id":"https:\/\/vuytmy.azdigi.shop\/#website","url":"https:\/\/vuytmy.azdigi.shop\/","name":"Vuyt my","description":"","potentialAction":[{"@type":"SearchAction","target":{"@type":"EntryPoint","urlTemplate":"https:\/\/vuytmy.azdigi.shop\/?s={search_term_string}"},"query-input":{"@type":"PropertyValueSpecification","valueRequired":true,"valueName":"search_term_string"}}],"inLanguage":"vi"}]}},"_links":{"self":[{"href":"https:\/\/vuytmy.azdigi.shop\/index.php?rest_route=\/wp\/v2\/product\/517","targetHints":{"allow":["GET"]}}],"collection":[{"href":"https:\/\/vuytmy.azdigi.shop\/index.php?rest_route=\/wp\/v2\/product"}],"about":[{"href":"https:\/\/vuytmy.azdigi.shop\/index.php?rest_route=\/wp\/v2\/types\/product"}],"replies":[{"embeddable":true,"href":"https:\/\/vuytmy.azdigi.shop\/index.php?rest_route=%2Fwp%2Fv2%2Fcomments&post=517"}],"wp:featuredmedia":[{"embeddable":true,"href":"https:\/\/vuytmy.azdigi.shop\/index.php?rest_route=\/wp\/v2\/media\/527"}],"wp:attachment":[{"href":"https:\/\/vuytmy.azdigi.shop\/index.php?rest_route=%2Fwp%2Fv2%2Fmedia&parent=517"}],"wp:term":[{"taxonomy":"product_brand","embeddable":true,"href":"https:\/\/vuytmy.azdigi.shop\/index.php?rest_route=%2Fwp%2Fv2%2Fproduct_brand&post=517"},{"taxonomy":"product_cat","embeddable":true,"href":"https:\/\/vuytmy.azdigi.shop\/index.php?rest_route=%2Fwp%2Fv2%2Fproduct_cat&post=517"},{"taxonomy":"product_tag","embeddable":true,"href":"https:\/\/vuytmy.azdigi.shop\/index.php?rest_route=%2Fwp%2Fv2%2Fproduct_tag&post=517"}],"curies":[{"name":"wp","href":"https:\/\/api.w.org\/{rel}","templated":true}]}}