{"id":493,"date":"2026-04-18T13:31:24","date_gmt":"2026-04-18T13:31:24","guid":{"rendered":"https:\/\/vuytmy.azdigi.shop\/?post_type=product&#038;p=493"},"modified":"2026-04-18T13:43:44","modified_gmt":"2026-04-18T13:43:44","slug":"kem-chong-nang-caryophy","status":"publish","type":"product","link":"https:\/\/vuytmy.azdigi.shop\/?product=kem-chong-nang-caryophy","title":{"rendered":"Kem ch\u1ed1ng n\u1eafng Caryophy SPF50+ n\u00e2ng tone cho da d\u1ea7u m\u1ee5n"},"content":{"rendered":"<h2 data-section-id=\"jj8xbu\" data-start=\"653\" data-end=\"693\">Kem ch\u1ed1ng n\u1eafng Caryophy c\u00f3 t\u1ed1t kh\u00f4ng?<\/h2>\n<p data-start=\"695\" data-end=\"878\">Kem ch\u1ed1ng n\u1eafng <span class=\"hover:entity-accent entity-underline inline cursor-pointer align-baseline\"><span class=\"whitespace-normal\">Caryophy<\/span><\/span> l\u00e0 s\u1ea3n ph\u1ea9m n\u1ed5i b\u1eadt \u0111\u1ebfn t\u1eeb H\u00e0n Qu\u1ed1c, \u0111\u01b0\u1ee3c y\u00eau th\u00edch nh\u1edd kh\u1ea3 n\u0103ng <strong data-start=\"813\" data-end=\"855\">ch\u1ed1ng n\u1eafng + n\u00e2ng tone + h\u1ed7 tr\u1ee3 da m\u1ee5n<\/strong> trong c\u00f9ng m\u1ed9t b\u01b0\u1edbc.<\/p>\n<p data-start=\"880\" data-end=\"978\">S\u1ea3n ph\u1ea9m c\u00f3 ch\u1ec9 s\u1ed1 SPF50+ PA+++ gi\u00fap b\u1ea3o v\u1ec7 da kh\u1ecfi tia UVA\/UVB, h\u1ea1n ch\u1ebf s\u1ea1m n\u00e1m v\u00e0 l\u00e3o h\u00f3a s\u1edbm.<\/p>\n<p data-start=\"980\" data-end=\"1185\">Theo c\u00e1c chuy\u00ean gia da li\u1ec5u, vi\u1ec7c s\u1eed d\u1ee5ng kem ch\u1ed1ng n\u1eafng m\u1ed7i ng\u00e0y l\u00e0 b\u01b0\u1edbc quan tr\u1ecdng \u0111\u1ec3 b\u1ea3o v\u1ec7 da kh\u1ecfi t\u00e1c h\u1ea1i c\u1ee7a \u00e1nh n\u1eafng (tham kh\u1ea3o: <a class=\"decorated-link\" href=\"https:\/\/www.skincancer.org\/skin-cancer-prevention\/sun-protection\/\" target=\"_new\" rel=\"noopener\" data-start=\"1116\" data-end=\"1181\">https:\/\/www.skincancer.org\/skin-cancer-prevention\/sun-protection\/<\/a>).<\/p>\n<hr data-start=\"1187\" data-end=\"1190\" \/>\n<h2 data-section-id=\"10zb796\" data-start=\"1192\" data-end=\"1240\">\u01afu \u0111i\u1ec3m n\u1ed5i b\u1eadt c\u1ee7a kem ch\u1ed1ng n\u1eafng Caryophy<\/h2>\n<h3 data-section-id=\"hem696\" data-start=\"1242\" data-end=\"1269\">\ud83c\udf1e B\u1ea3o v\u1ec7 da hi\u1ec7u qu\u1ea3<\/h3>\n<ul data-start=\"1270\" data-end=\"1334\">\n<li data-section-id=\"w0m0kf\" data-start=\"1270\" data-end=\"1304\">SPF50+ PA+++ ch\u1ed1ng tia UV m\u1ea1nh<\/li>\n<li data-section-id=\"7ekhh2\" data-start=\"1305\" data-end=\"1334\">H\u1ea1n ch\u1ebf ch\u00e1y n\u1eafng, s\u1ea1m da<\/li>\n<\/ul>\n<h3 data-section-id=\"1n9qu9h\" data-start=\"1336\" data-end=\"1362\">\u2728 N\u00e2ng tone t\u1ef1 nhi\u00ean<\/h3>\n<ul data-start=\"1363\" data-end=\"1420\">\n<li data-section-id=\"ec4ntz\" data-start=\"1363\" data-end=\"1388\">L\u00e0m s\u00e1ng da nh\u1eb9 nh\u00e0ng<\/li>\n<li data-section-id=\"b4zag8\" data-start=\"1389\" data-end=\"1420\">C\u00f3 th\u1ec3 thay l\u1edbp makeup m\u1ecfng<\/li>\n<\/ul>\n<h3 data-section-id=\"fdo2cf\" data-start=\"1422\" data-end=\"1458\">\ud83d\udca7 Ph\u00f9 h\u1ee3p da m\u1ee5n, da nh\u1ea1y c\u1ea3m<\/h3>\n<ul data-start=\"1459\" data-end=\"1539\">\n<li data-section-id=\"1ognhs\" data-start=\"1459\" data-end=\"1505\">Th\u00e0nh ph\u1ea7n thi\u00ean nhi\u00ean nh\u01b0 rau m\u00e1, rau sam<\/li>\n<li data-section-id=\"zkkf3g\" data-start=\"1506\" data-end=\"1539\">Gi\u00fap l\u00e0m d\u1ecbu v\u00e0 gi\u1ea3m k\u00edch \u1ee9ng<\/li>\n<\/ul>\n<h3 data-section-id=\"1qrnbph\" data-start=\"1541\" data-end=\"1562\">\ud83e\uddf4 Ki\u1ec1m d\u1ea7u t\u1ed1t<\/h3>\n<ul data-start=\"1563\" data-end=\"1619\">\n<li data-section-id=\"1fdzt40\" data-start=\"1563\" data-end=\"1584\">Gi\u1eef da kh\u00f4 tho\u00e1ng<\/li>\n<li data-section-id=\"tnvww4\" data-start=\"1585\" data-end=\"1619\">Kh\u00f4ng g\u00e2y b\u00edt t\u1eafc l\u1ed7 ch\u00e2n l\u00f4ng<\/li>\n<\/ul>\n<hr data-start=\"1621\" data-end=\"1624\" \/>\n<h2 data-section-id=\"rhh7g1\" data-start=\"1626\" data-end=\"1662\">Feedback kh\u00e1ch h\u00e0ng v\u1ec1 s\u1ea3n ph\u1ea9m<\/h2>\n<h3 data-section-id=\"akmsbm\" data-start=\"1664\" data-end=\"1699\">\ud83d\udc69\u200d\ud83e\uddb0 Kh\u00e1nh Linh (da d\u1ea7u m\u1ee5n)<\/h3>\n<blockquote data-start=\"1700\" data-end=\"1783\">\n<p data-start=\"1702\" data-end=\"1783\">\u201cD\u00f9ng th\u1ea5y da kh\u00f4 r\u00e1o h\u01a1n, kh\u00f4ng b\u1ecb b\u00f3ng d\u1ea7u nhi\u1ec1u nh\u01b0 tr\u01b0\u1edbc. Kh\u00f4ng g\u00e2y l\u00ean m\u1ee5n.\u201d<\/p>\n<\/blockquote>\n<h3 data-section-id=\"17ql1ys\" data-start=\"1785\" data-end=\"1816\">\ud83d\udc69\u200d\ud83c\udf93 Mai Anh (sinh vi\u00ean)<\/h3>\n<blockquote data-start=\"1817\" data-end=\"1873\">\n<p data-start=\"1819\" data-end=\"1873\">\u201cKem n\u00e2ng tone nh\u1eb9, \u0111i h\u1ecdc kh\u00f4ng c\u1ea7n makeup v\u1eabn xinh.\u201d<\/p>\n<\/blockquote>\n<h3 data-section-id=\"fi6atu\" data-start=\"1875\" data-end=\"1918\">\ud83d\udc69\u200d\ud83d\udcbc Th\u00f9y Dung (nh\u00e2n vi\u00ean v\u0103n ph\u00f2ng)<\/h3>\n<blockquote data-start=\"1919\" data-end=\"1981\">\n<p data-start=\"1921\" data-end=\"1981\">\u201cNg\u1ed3i \u0111i\u1ec1u h\u00f2a c\u1ea3 ng\u00e0y m\u00e0 da kh\u00f4ng b\u1ecb kh\u00f4, l\u1edbp n\u1ec1n v\u1eabn \u0111\u1eb9p.\u201d<\/p>\n<\/blockquote>\n<hr data-start=\"1983\" data-end=\"1986\" \/>\n<h2 data-section-id=\"2vgdv2\" data-start=\"1988\" data-end=\"2014\">C\u00e1ch s\u1eed d\u1ee5ng hi\u1ec7u qu\u1ea3<\/h2>\n<ul data-start=\"2016\" data-end=\"2116\">\n<li data-section-id=\"1tz8hy9\" data-start=\"2016\" data-end=\"2054\">Thoa tr\u01b0\u1edbc khi ra ngo\u00e0i 15\u201320 ph\u00fat<\/li>\n<li data-section-id=\"18s1r2e\" data-start=\"2055\" data-end=\"2087\">D\u00f9ng l\u01b0\u1ee3ng kho\u1ea3ng 2 ng\u00f3n tay<\/li>\n<li data-section-id=\"1trxt7v\" data-start=\"2088\" data-end=\"2116\">Thoa l\u1ea1i sau m\u1ed7i 2\u20133 gi\u1edd<\/li>\n<\/ul>\n<p data-start=\"2118\" data-end=\"2204\">\ud83d\udc49 K\u1ebft h\u1ee3p th\u00eam <strong data-start=\"2134\" data-end=\"2150\">kem d\u01b0\u1ee1ng \u1ea9m<\/strong> \u0111\u1ec3 da kh\u1ecfe h\u01a1n (xem th\u00eam: \/kem-duong-am-cho-da-dau)<\/p>\n<p data-start=\"2206\" data-end=\"2266\">\ud83d\udc49 Xem th\u00eam routine ch\u0103m s\u00f3c da t\u1ea1i: \/cach-cham-soc-da-mun<\/p>\n<hr data-start=\"2268\" data-end=\"2271\" \/>\n<h2 data-section-id=\"14w5it1\" data-start=\"2273\" data-end=\"2309\">So s\u00e1nh nhanh c\u00e1c d\u00f2ng Caryophy<\/h2>\n<div class=\"TyagGW_tableContainer\">\n<div class=\"group TyagGW_tableWrapper flex flex-col-reverse w-fit\" tabindex=\"-1\">\n<table class=\"w-fit min-w-(--thread-content-width)\" data-start=\"2311\" data-end=\"2477\">\n<thead data-start=\"2311\" data-end=\"2341\">\n<tr data-start=\"2311\" data-end=\"2341\">\n<th class=\"\" data-start=\"2311\" data-end=\"2318\" data-col-size=\"sm\">D\u00f2ng<\/th>\n<th class=\"\" data-start=\"2318\" data-end=\"2330\" data-col-size=\"sm\">C\u00f4ng d\u1ee5ng<\/th>\n<th class=\"\" data-start=\"2330\" data-end=\"2341\" data-col-size=\"sm\">Lo\u1ea1i da<\/th>\n<\/tr>\n<\/thead>\n<tbody data-start=\"2371\" data-end=\"2477\">\n<tr data-start=\"2371\" data-end=\"2403\">\n<td data-start=\"2371\" data-end=\"2381\" data-col-size=\"sm\">Tone Up<\/td>\n<td data-col-size=\"sm\" data-start=\"2381\" data-end=\"2393\">N\u00e2ng tone<\/td>\n<td data-col-size=\"sm\" data-start=\"2393\" data-end=\"2403\">Da d\u1ea7u<\/td>\n<\/tr>\n<tr data-start=\"2404\" data-end=\"2433\">\n<td data-start=\"2404\" data-end=\"2412\" data-col-size=\"sm\">Moist<\/td>\n<td data-col-size=\"sm\" data-start=\"2412\" data-end=\"2423\">D\u01b0\u1ee1ng \u1ea9m<\/td>\n<td data-col-size=\"sm\" data-start=\"2423\" data-end=\"2433\">Da kh\u00f4<\/td>\n<\/tr>\n<tr data-start=\"2434\" data-end=\"2477\">\n<td data-start=\"2434\" data-end=\"2452\" data-col-size=\"sm\">Smart Sunscreen<\/td>\n<td data-col-size=\"sm\" data-start=\"2452\" data-end=\"2462\">\u0110a n\u0103ng<\/td>\n<td data-col-size=\"sm\" data-start=\"2462\" data-end=\"2477\">M\u1ecdi lo\u1ea1i da<\/td>\n<\/tr>\n<\/tbody>\n<\/table>\n<\/div>\n<\/div>\n<hr data-start=\"2479\" data-end=\"2482\" \/>\n<h2 data-section-id=\"6pfirc\" data-start=\"2484\" data-end=\"2514\">V\u00ec sao n\u00ean ch\u1ecdn Caryophy?<\/h2>\n<p data-start=\"2516\" data-end=\"2659\"><span class=\"hover:entity-accent entity-underline inline cursor-pointer align-baseline\"><span class=\"whitespace-normal\">Caryophy<\/span><\/span> t\u1eadp trung v\u00e0o c\u00e1c s\u1ea3n ph\u1ea9m d\u00e0nh cho da m\u1ee5n, v\u1edbi b\u1ea3ng th\u00e0nh ph\u1ea7n l\u00e0nh t\u00ednh, ph\u00f9 h\u1ee3p v\u1edbi l\u00e0n da nh\u1ea1y c\u1ea3m.<\/p>\n<hr data-start=\"2661\" data-end=\"2664\" \/>\n<h2 data-section-id=\"ptji3r\" data-start=\"2666\" data-end=\"2716\">Mua kem ch\u1ed1ng n\u1eafng Caryophy ch\u00ednh h\u00e3ng \u1edf \u0111\u00e2u?<\/h2>\n<p data-start=\"2718\" data-end=\"2849\">B\u1ea1n n\u00ean mua t\u1ea1i c\u00e1c c\u1eeda h\u00e0ng m\u1ef9 ph\u1ea9m uy t\u00edn ho\u1eb7c website ch\u00ednh h\u00e3ng \u0111\u1ec3 \u0111\u1ea3m b\u1ea3o ch\u1ea5t l\u01b0\u1ee3ng s\u1ea3n ph\u1ea9m:<br data-start=\"2817\" data-end=\"2820\" \/>\ud83d\udc49 <a class=\"decorated-link cursor-pointer\" target=\"_new\" rel=\"noopener\" data-start=\"2823\" data-end=\"2847\">https:\/\/www.caryophy.com<\/a><\/p>\n<hr data-start=\"2851\" data-end=\"2854\" \/>\n<h2 data-section-id=\"r751zz\" data-start=\"2856\" data-end=\"2869\">K\u1ebft lu\u1eadn<\/h2>\n<p data-start=\"2871\" data-end=\"3053\">Kem ch\u1ed1ng n\u1eafng Caryophy l\u00e0 l\u1ef1a ch\u1ecdn ph\u00f9 h\u1ee3p cho nh\u1eefng ai c\u1ea7n s\u1ea3n ph\u1ea9m <strong data-start=\"2941\" data-end=\"2991\">ch\u1ed1ng n\u1eafng nh\u1eb9 m\u1eb7t, n\u00e2ng tone v\u00e0 h\u1ed7 tr\u1ee3 da m\u1ee5n<\/strong>. S\u1eed d\u1ee5ng \u0111\u1ec1u \u0111\u1eb7n s\u1ebd gi\u00fap da lu\u00f4n kh\u1ecfe v\u00e0 s\u00e1ng h\u01a1n m\u1ed7i ng\u00e0y.<\/p>\n<ul data-start=\"3097\" data-end=\"3223\">\n<li data-section-id=\"vif4im\" data-start=\"3097\" data-end=\"3142\">kem ch\u1ed1ng n\u1eafng Caryophy SPF50+ ch\u00ednh h\u00e3ng<\/li>\n<li data-section-id=\"qaktaw\" data-start=\"3143\" data-end=\"3187\">review kem ch\u1ed1ng n\u1eafng Caryophy n\u00e2ng tone<\/li>\n<li data-section-id=\"1ivixmw\" data-start=\"3188\" data-end=\"3223\">texture kem ch\u1ed1ng n\u1eafng Caryophy<\/li>\n<\/ul>\n","protected":false},"excerpt":{"rendered":"<p>Kem ch\u1ed1ng n\u1eafng Caryophy c\u00f3 t\u1ed1t kh\u00f4ng? Kem ch\u1ed1ng n\u1eafng Caryophy l\u00e0 s\u1ea3n ph\u1ea9m n\u1ed5i b\u1eadt \u0111\u1ebfn t\u1eeb H\u00e0n Qu\u1ed1c, \u0111\u01b0\u1ee3c y\u00eau th\u00edch nh\u1edd kh\u1ea3 n\u0103ng ch\u1ed1ng n\u1eafng + n\u00e2ng tone + h\u1ed7 tr\u1ee3 da m\u1ee5n trong c\u00f9ng m\u1ed9t b\u01b0\u1edbc. S\u1ea3n ph\u1ea9m c\u00f3 ch\u1ec9 s\u1ed1 SPF50+ PA+++ gi\u00fap b\u1ea3o v\u1ec7 da kh\u1ecfi tia UVA\/UVB, h\u1ea1n [&#8230;]\n","protected":false},"featured_media":503,"comment_status":"open","ping_status":"closed","template":"","meta":[],"product_brand":[27],"product_cat":[80],"product_tag":[],"class_list":{"0":"post-493","1":"product","2":"type-product","3":"status-publish","4":"has-post-thumbnail","6":"product_brand-caryophy","7":"product_cat-kem-chong-nang","9":"first","10":"instock","11":"sale","12":"shipping-taxable","13":"purchasable","14":"product-type-simple"},"yoast_head":"<!-- This site is optimized with the Yoast SEO plugin v27.4 - https:\/\/yoast.com\/product\/yoast-seo-wordpress\/ -->\n<title>Kem ch\u1ed1ng n\u1eafng Caryophy SPF50+ n\u00e2ng tone cho da d\u1ea7u m\u1ee5n - Vuyt my<\/title>\n<meta name=\"description\" content=\"Kem ch\u1ed1ng n\u1eafng Caryophy SPF50+ gi\u00fap n\u00e2ng tone, ki\u1ec1m d\u1ea7u, ph\u00f9 h\u1ee3p da m\u1ee5n v\u00e0 da nh\u1ea1y c\u1ea3m. S\u1ea3n ph\u1ea9m ch\u00ednh h\u00e3ng, an to\u00e0n cho da.\" \/>\n<meta name=\"robots\" content=\"index, follow, max-snippet:-1, max-image-preview:large, max-video-preview:-1\" \/>\n<link rel=\"canonical\" href=\"https:\/\/vuytmy.azdigi.shop\/?product=kem-chong-nang-caryophy\" \/>\n<meta property=\"og:locale\" content=\"vi_VN\" \/>\n<meta property=\"og:type\" content=\"article\" \/>\n<meta property=\"og:title\" content=\"Kem ch\u1ed1ng n\u1eafng Caryophy SPF50+ n\u00e2ng tone cho da d\u1ea7u m\u1ee5n - Vuyt my\" \/>\n<meta property=\"og:description\" content=\"Kem ch\u1ed1ng n\u1eafng Caryophy SPF50+ gi\u00fap n\u00e2ng tone, ki\u1ec1m d\u1ea7u, ph\u00f9 h\u1ee3p da m\u1ee5n v\u00e0 da nh\u1ea1y c\u1ea3m. S\u1ea3n ph\u1ea9m ch\u00ednh h\u00e3ng, an to\u00e0n cho da.\" \/>\n<meta property=\"og:url\" content=\"https:\/\/vuytmy.azdigi.shop\/?product=kem-chong-nang-caryophy\" \/>\n<meta property=\"og:site_name\" content=\"Vuyt my\" \/>\n<meta property=\"article:modified_time\" content=\"2026-04-18T13:43:44+00:00\" \/>\n<meta property=\"og:image\" content=\"https:\/\/vuytmy.azdigi.shop\/wp-content\/uploads\/2026\/04\/z3738879792778-fe4c9294dafbcb458eb2ae0755b51c73-1.webp\" \/>\n\t<meta property=\"og:image:width\" content=\"600\" \/>\n\t<meta property=\"og:image:height\" content=\"600\" \/>\n\t<meta property=\"og:image:type\" content=\"image\/webp\" \/>\n<meta name=\"twitter:card\" content=\"summary_large_image\" \/>\n<meta name=\"twitter:label1\" content=\"\u01af\u1edbc t\u00ednh th\u1eddi gian \u0111\u1ecdc\" \/>\n\t<meta name=\"twitter:data1\" content=\"3 ph\u00fat\" \/>\n<script type=\"application\/ld+json\" class=\"yoast-schema-graph\">{\"@context\":\"https:\\\/\\\/schema.org\",\"@graph\":[{\"@type\":\"WebPage\",\"@id\":\"https:\\\/\\\/vuytmy.azdigi.shop\\\/?product=kem-chong-nang-caryophy\",\"url\":\"https:\\\/\\\/vuytmy.azdigi.shop\\\/?product=kem-chong-nang-caryophy\",\"name\":\"Kem ch\u1ed1ng n\u1eafng Caryophy SPF50+ n\u00e2ng tone cho da d\u1ea7u m\u1ee5n - Vuyt my\",\"isPartOf\":{\"@id\":\"https:\\\/\\\/vuytmy.azdigi.shop\\\/#website\"},\"primaryImageOfPage\":{\"@id\":\"https:\\\/\\\/vuytmy.azdigi.shop\\\/?product=kem-chong-nang-caryophy#primaryimage\"},\"image\":{\"@id\":\"https:\\\/\\\/vuytmy.azdigi.shop\\\/?product=kem-chong-nang-caryophy#primaryimage\"},\"thumbnailUrl\":\"https:\\\/\\\/vuytmy.azdigi.shop\\\/wp-content\\\/uploads\\\/2026\\\/04\\\/z3738879792778-fe4c9294dafbcb458eb2ae0755b51c73-1.webp\",\"datePublished\":\"2026-04-18T13:31:24+00:00\",\"dateModified\":\"2026-04-18T13:43:44+00:00\",\"description\":\"Kem ch\u1ed1ng n\u1eafng Caryophy SPF50+ gi\u00fap n\u00e2ng tone, ki\u1ec1m d\u1ea7u, ph\u00f9 h\u1ee3p da m\u1ee5n v\u00e0 da nh\u1ea1y c\u1ea3m. S\u1ea3n ph\u1ea9m ch\u00ednh h\u00e3ng, an to\u00e0n cho da.\",\"breadcrumb\":{\"@id\":\"https:\\\/\\\/vuytmy.azdigi.shop\\\/?product=kem-chong-nang-caryophy#breadcrumb\"},\"inLanguage\":\"vi\",\"potentialAction\":[{\"@type\":\"ReadAction\",\"target\":[\"https:\\\/\\\/vuytmy.azdigi.shop\\\/?product=kem-chong-nang-caryophy\"]}]},{\"@type\":\"ImageObject\",\"inLanguage\":\"vi\",\"@id\":\"https:\\\/\\\/vuytmy.azdigi.shop\\\/?product=kem-chong-nang-caryophy#primaryimage\",\"url\":\"https:\\\/\\\/vuytmy.azdigi.shop\\\/wp-content\\\/uploads\\\/2026\\\/04\\\/z3738879792778-fe4c9294dafbcb458eb2ae0755b51c73-1.webp\",\"contentUrl\":\"https:\\\/\\\/vuytmy.azdigi.shop\\\/wp-content\\\/uploads\\\/2026\\\/04\\\/z3738879792778-fe4c9294dafbcb458eb2ae0755b51c73-1.webp\",\"width\":600,\"height\":600},{\"@type\":\"BreadcrumbList\",\"@id\":\"https:\\\/\\\/vuytmy.azdigi.shop\\\/?product=kem-chong-nang-caryophy#breadcrumb\",\"itemListElement\":[{\"@type\":\"ListItem\",\"position\":1,\"name\":\"Trang ch\u1ee7\",\"item\":\"https:\\\/\\\/vuytmy.azdigi.shop\\\/\"},{\"@type\":\"ListItem\",\"position\":2,\"name\":\"C\u1eeda h\u00e0ng\",\"item\":\"https:\\\/\\\/vuytmy.azdigi.shop\\\/?page_id=19\"},{\"@type\":\"ListItem\",\"position\":3,\"name\":\"Kem ch\u1ed1ng n\u1eafng Caryophy SPF50+ n\u00e2ng tone cho da d\u1ea7u m\u1ee5n\"}]},{\"@type\":\"WebSite\",\"@id\":\"https:\\\/\\\/vuytmy.azdigi.shop\\\/#website\",\"url\":\"https:\\\/\\\/vuytmy.azdigi.shop\\\/\",\"name\":\"Vuyt my\",\"description\":\"\",\"potentialAction\":[{\"@type\":\"SearchAction\",\"target\":{\"@type\":\"EntryPoint\",\"urlTemplate\":\"https:\\\/\\\/vuytmy.azdigi.shop\\\/?s={search_term_string}\"},\"query-input\":{\"@type\":\"PropertyValueSpecification\",\"valueRequired\":true,\"valueName\":\"search_term_string\"}}],\"inLanguage\":\"vi\"}]}<\/script>\n<!-- \/ Yoast SEO plugin. -->","yoast_head_json":{"title":"Kem ch\u1ed1ng n\u1eafng Caryophy SPF50+ n\u00e2ng tone cho da d\u1ea7u m\u1ee5n - Vuyt my","description":"Kem ch\u1ed1ng n\u1eafng Caryophy SPF50+ gi\u00fap n\u00e2ng tone, ki\u1ec1m d\u1ea7u, ph\u00f9 h\u1ee3p da m\u1ee5n v\u00e0 da nh\u1ea1y c\u1ea3m. S\u1ea3n ph\u1ea9m ch\u00ednh h\u00e3ng, an to\u00e0n cho da.","robots":{"index":"index","follow":"follow","max-snippet":"max-snippet:-1","max-image-preview":"max-image-preview:large","max-video-preview":"max-video-preview:-1"},"canonical":"https:\/\/vuytmy.azdigi.shop\/?product=kem-chong-nang-caryophy","og_locale":"vi_VN","og_type":"article","og_title":"Kem ch\u1ed1ng n\u1eafng Caryophy SPF50+ n\u00e2ng tone cho da d\u1ea7u m\u1ee5n - Vuyt my","og_description":"Kem ch\u1ed1ng n\u1eafng Caryophy SPF50+ gi\u00fap n\u00e2ng tone, ki\u1ec1m d\u1ea7u, ph\u00f9 h\u1ee3p da m\u1ee5n v\u00e0 da nh\u1ea1y c\u1ea3m. S\u1ea3n ph\u1ea9m ch\u00ednh h\u00e3ng, an to\u00e0n cho da.","og_url":"https:\/\/vuytmy.azdigi.shop\/?product=kem-chong-nang-caryophy","og_site_name":"Vuyt my","article_modified_time":"2026-04-18T13:43:44+00:00","og_image":[{"width":600,"height":600,"url":"https:\/\/vuytmy.azdigi.shop\/wp-content\/uploads\/2026\/04\/z3738879792778-fe4c9294dafbcb458eb2ae0755b51c73-1.webp","type":"image\/webp"}],"twitter_card":"summary_large_image","twitter_misc":{"\u01af\u1edbc t\u00ednh th\u1eddi gian \u0111\u1ecdc":"3 ph\u00fat"},"schema":{"@context":"https:\/\/schema.org","@graph":[{"@type":"WebPage","@id":"https:\/\/vuytmy.azdigi.shop\/?product=kem-chong-nang-caryophy","url":"https:\/\/vuytmy.azdigi.shop\/?product=kem-chong-nang-caryophy","name":"Kem ch\u1ed1ng n\u1eafng Caryophy SPF50+ n\u00e2ng tone cho da d\u1ea7u m\u1ee5n - Vuyt my","isPartOf":{"@id":"https:\/\/vuytmy.azdigi.shop\/#website"},"primaryImageOfPage":{"@id":"https:\/\/vuytmy.azdigi.shop\/?product=kem-chong-nang-caryophy#primaryimage"},"image":{"@id":"https:\/\/vuytmy.azdigi.shop\/?product=kem-chong-nang-caryophy#primaryimage"},"thumbnailUrl":"https:\/\/vuytmy.azdigi.shop\/wp-content\/uploads\/2026\/04\/z3738879792778-fe4c9294dafbcb458eb2ae0755b51c73-1.webp","datePublished":"2026-04-18T13:31:24+00:00","dateModified":"2026-04-18T13:43:44+00:00","description":"Kem ch\u1ed1ng n\u1eafng Caryophy SPF50+ gi\u00fap n\u00e2ng tone, ki\u1ec1m d\u1ea7u, ph\u00f9 h\u1ee3p da m\u1ee5n v\u00e0 da nh\u1ea1y c\u1ea3m. S\u1ea3n ph\u1ea9m ch\u00ednh h\u00e3ng, an to\u00e0n cho da.","breadcrumb":{"@id":"https:\/\/vuytmy.azdigi.shop\/?product=kem-chong-nang-caryophy#breadcrumb"},"inLanguage":"vi","potentialAction":[{"@type":"ReadAction","target":["https:\/\/vuytmy.azdigi.shop\/?product=kem-chong-nang-caryophy"]}]},{"@type":"ImageObject","inLanguage":"vi","@id":"https:\/\/vuytmy.azdigi.shop\/?product=kem-chong-nang-caryophy#primaryimage","url":"https:\/\/vuytmy.azdigi.shop\/wp-content\/uploads\/2026\/04\/z3738879792778-fe4c9294dafbcb458eb2ae0755b51c73-1.webp","contentUrl":"https:\/\/vuytmy.azdigi.shop\/wp-content\/uploads\/2026\/04\/z3738879792778-fe4c9294dafbcb458eb2ae0755b51c73-1.webp","width":600,"height":600},{"@type":"BreadcrumbList","@id":"https:\/\/vuytmy.azdigi.shop\/?product=kem-chong-nang-caryophy#breadcrumb","itemListElement":[{"@type":"ListItem","position":1,"name":"Trang ch\u1ee7","item":"https:\/\/vuytmy.azdigi.shop\/"},{"@type":"ListItem","position":2,"name":"C\u1eeda h\u00e0ng","item":"https:\/\/vuytmy.azdigi.shop\/?page_id=19"},{"@type":"ListItem","position":3,"name":"Kem ch\u1ed1ng n\u1eafng Caryophy SPF50+ n\u00e2ng tone cho da d\u1ea7u m\u1ee5n"}]},{"@type":"WebSite","@id":"https:\/\/vuytmy.azdigi.shop\/#website","url":"https:\/\/vuytmy.azdigi.shop\/","name":"Vuyt my","description":"","potentialAction":[{"@type":"SearchAction","target":{"@type":"EntryPoint","urlTemplate":"https:\/\/vuytmy.azdigi.shop\/?s={search_term_string}"},"query-input":{"@type":"PropertyValueSpecification","valueRequired":true,"valueName":"search_term_string"}}],"inLanguage":"vi"}]}},"_links":{"self":[{"href":"https:\/\/vuytmy.azdigi.shop\/index.php?rest_route=\/wp\/v2\/product\/493","targetHints":{"allow":["GET"]}}],"collection":[{"href":"https:\/\/vuytmy.azdigi.shop\/index.php?rest_route=\/wp\/v2\/product"}],"about":[{"href":"https:\/\/vuytmy.azdigi.shop\/index.php?rest_route=\/wp\/v2\/types\/product"}],"replies":[{"embeddable":true,"href":"https:\/\/vuytmy.azdigi.shop\/index.php?rest_route=%2Fwp%2Fv2%2Fcomments&post=493"}],"wp:featuredmedia":[{"embeddable":true,"href":"https:\/\/vuytmy.azdigi.shop\/index.php?rest_route=\/wp\/v2\/media\/503"}],"wp:attachment":[{"href":"https:\/\/vuytmy.azdigi.shop\/index.php?rest_route=%2Fwp%2Fv2%2Fmedia&parent=493"}],"wp:term":[{"taxonomy":"product_brand","embeddable":true,"href":"https:\/\/vuytmy.azdigi.shop\/index.php?rest_route=%2Fwp%2Fv2%2Fproduct_brand&post=493"},{"taxonomy":"product_cat","embeddable":true,"href":"https:\/\/vuytmy.azdigi.shop\/index.php?rest_route=%2Fwp%2Fv2%2Fproduct_cat&post=493"},{"taxonomy":"product_tag","embeddable":true,"href":"https:\/\/vuytmy.azdigi.shop\/index.php?rest_route=%2Fwp%2Fv2%2Fproduct_tag&post=493"}],"curies":[{"name":"wp","href":"https:\/\/api.w.org\/{rel}","templated":true}]}}